-6). Let u(i) = -261 - 275 + 542 - 13*i + 12*i. Determine u(c).
1
Let i(s) be the third derivative of -s**6/60 - s**5/4 - 5*s**4/8 + 5*s**3/3 - 3850*s**2. Determine i(-6).
-8
Let k(u) be the third derivative of 0 + 0*u - 2/3*u**3 - 1/60*u**5 + 0*u**4 + 2*u**2. Let o be (3/(-4) + (-42)/112*-2)/(-1). Determine k(o).
-4
Let k(w) = 3*w**3 + 0*w + 7*w - 6*w**2 - 4*w**3 - 1. Suppose -6*c + 152 = 13*c. Let p be -8 - (c/(-12) + (-1)/3). Calculate k(p).
-1
Let s(r) = r**3 + 6*r**2 - r - 2. Suppose -d - 3*i = -3, d - 4*i - 2 = -6. Suppose 66 = -11*q - d*q. Give s(q).
4
Suppose -30 = 24*h - 25*h. Suppose 4*x - 3*u = h, 4*x + x - 32 = u. Let z(q) = 60 - 3*q + q - 53. What is z(x)?
-5
Let j(p) = -p**3 + 5*p**2 - p - 3. Let q(x) = -x**2 - x - 1. Let k(m) = j(m) - 2*q(m). Let s(h) = -3*h + 19. Let o be s(4). What is k(o)?
6
Suppose 4*w - 14*t = -10*t + 40, 0 = 5*w - 2*t - 47. Let g(q) = -q**2 - 11*q + 167. Let h be g(w). Let x(v) = v**3 + 13*v**2 + 2. Calculate x(h).
2
Suppose 1 = -2*l - 4*m - 13, 3*l = -5*m - 20. Let p(n) = n**2 + n - 11. Let s(g) = g**2 - 10. Let v(u) = l*s(u) + 4*p(u). Calculate v(6).
-6
Let u be 0/(4876/(-2120) - 3/(-10)*1). Let n(k) = -2*k**3 - k**2 + k + 145. Give n(u).
145
Let s(k) = 5*k + 10. Let n(r) = -21 + 1 - 70*r + 59*r - 1. Let t(c) = 3*n(c) + 7*s(c). Give t(-5).
-3
Let o(p) = -201*p + 14. Let k be o(-2). Let s = k + -423. Let t(g) = g**3 + 8*g**2 + 9*g + 5. Give t(s).
-9
Let u be (48 + -50)/(2*(-1)/15). Suppose -17*s + u*s = -4. Let y(j) = j**3 - 2*j**2 - 3*j + 3. Calculate y(s).
-3
Let t be (-2 - (1 + -7)) + (-16 - -19). Let k(p) = 15*p - 80. What is k(t)?
25
Let q(a) = 21*a - 151. Let p be q(8). Suppose 5*h = -5*y + 25, 0 = -14*y + p*y + h - 17. Let d(l) = l - 8. Determine d(y).
-2
Let h(g) = -25*g**2 + 88*g + 47. Let w(k) = 9*k**2 - 31*k - 15. Let s(i) = 4*h(i) + 11*w(i). What is s(12)?
11
Let z be ((-2)/(-22))/(3/33). Let p(b) = -30*b - 3. Give p(z).
-33
Let g(d) = -49 - 88 - 33*d - 40 + 174. Determine g(-3).
96
Let v(r) = r**2 - 6*r - 1. Let b be 1 + -1 - (20 - 22) - -4. Let p be (-30)/20*(-20)/b. Calculate v(p).
-6
Let c(n) = -40*n - 1. Let m(p) = 81*p**2 - p + 4. Let r be m(1). Suppose 8*h - 76 = r*h. What is c(h)?
39
Let m(b) = -b**3 - 16*b**2 + 17*b - 4. Let a be ((-45)/90)/(2/68). Determine m(a).
-4
Let c(t) = -686 + 1370 - t - 2*t - 694 - t. Suppose -g - 1 + 2 = 0. Let v be -1*g + (-5 - 1). Determine c(v).
18
Let x be (-630)/280*32/6. Let o be (-5 + 28/6)*x. Let p(n) = n**3 - 5*n**2 + 4. Calculate p(o).
-12
Let u(i) = 13*i**3 - 62*i**2 + 25*i - 12. Let r(v) = 28*v**3 - 131*v**2 + 51*v - 25. Let p(a) = 6*r(a) - 13*u(a). Give p(19).
6
Let w(o) be the first derivative of o**3/3 - 11*o**2/2 + 8*o - 413. Suppose -3*x - 55 = -8*x. What is w(x)?
8
Suppose -2113 + 1429 = -38*d. Let n(g) = -g**3 + 17*g**2 + 20*g - 23. Give n(d).
13
Let o be (1/(-2) + 0)*0. Let a = o - -1. Let y(h) = 13*h**2 - 2*h + 9. Let c(n) = -15*n**2 + 2*n - 10. Let v(g) = 8*c(g) + 9*y(g). Give v(a).
-4
Let l(p) = -p - 4. Let n be -2*((-265)/10 - 4 - -4). Let w = n - 56. Determine l(w).
-1
Let d(p) = 96*p**2 + 280*p + p**3 - 87*p**2 - 141*p + 19 - 139*p. Calculate d(-10).
-81
Let j(q) be the second derivative of -q**4/12 - q**3 - 5*q**2 - 2*q - 33. Let o be j(-5). Let w(u) = u**3 + 4*u**2 - u + 4. Give w(o).
-16
Let k(d) = -d**3 - 5*d**2 + 6*d + 13. Suppose 0 = 27*m - 22117 + 22279. What is k(m)?
13
Let b be 19/2*(334 + -332). Let w(n) = n - 43. Give w(b).
-24
Let x be (20/12)/(1/3). Let h(n) = 0*n**3 + 5*n**2 - 4*n**3 + 5*n**3 - 4 + x*n. Suppose -7*l = l + 32. Calculate h(l).
-8
Let m(y) = -2 - 3*y + 4 + 2 + 7*y. Suppose 2*d - 98 + 0 = 0. Suppose 52 = -x + d. Give m(x).
-8
Let z(x) = -28*x - 52. Suppose q - 9*i + 33 = -4*i, -5*q + 9 = 4*i. Calculate z(q).
32
Suppose -7*j = -7 - 56. Suppose 0 = -m + j*m + 112. Let u(r) = 3*r + 35. Determine u(m).
-7
Let c be 52/16 + 1/(-4). Suppose c*s + 12 = 3*i, i + 3*s = -0*i - 16. Let k(z) be the first derivative of 23*z**3/3 + z**2/2 + z + 119. What is k(i)?
23
Let c(m) = -3*m**3 - 177*m**2 + 17*m + 457. Let q(f) = -2*f**3 - 133*f**2 + 14*f + 343. Let u(a) = -8*c(a) + 11*q(a). Give u(23).
2
Let d(u) be the third derivative of -u**7/2520 - 7*u**6/720 - u**5/10 + u**4/8 - 140*u**2. Let o(k) be the second derivative of d(k). Determine o(-5).
-2
Let r(m) be the first derivative of 0*m - 1/2*m**2 + 9/4*m**4 + 0*m**3 - 3. Let z be 15/6*4/10. Give r(z).
8
Let t = 21223 - 21229. Let u(r) = -2*r**2 - 6*r + 35. Determine u(t).
-1
Let j(p) = -3*p**2 + p + 36. Let c(g) = -16*g**2 + 6*g + 180. Let x(o) = 2*c(o) - 11*j(o). Let b be x(-6). Let n(v) = 4*v + 5. What is n(b)?
-19
Let o(s) = 10*s - 61. Let f(d) = -48*d + 278. Let b(w) = -3*f(w) - 14*o(w). Give b(12).
68
Let t(g) = 72*g + 496. Let o be t(-7). Let u(y) = y**3 + 9*y**2 + 4*y - 12. Calculate u(o).
20
Let u(d) be the first derivative of 5*d**2 + 2*d - 38. Let n be (24/(-96))/((-3)/(-12)). What is u(n)?
-8
Let v be ((-20)/3)/((-833)/(-420) + -2). Suppose -c = v - 397. Let k(o) = o**3 + 3*o**2 + 1. Give k(c).
1
Let b = 278 + -278. Suppose 14 + 4 = 3*g. Suppose 4*v + d - 14 = b, -v = -g*v + 3*d + 26. Let z(p) = p**3 - 5*p**2 + 5*p + 2. Calculate z(v).
6
Let x(p) = -25*p - 2341. Let y be x(-94). Let g(f) = f**2 - 2*f - 24. Calculate g(y).
39
Let z = -59 - -70. Suppose -g = 5*v - 25, 0 = -3*v + 4*g + 3 - z. Suppose -5*l + 24 = 5*o - 3*l, -2*l = -v. Let i(s) = s**3 - 3*s**2 - 7*s + 6. Calculate i(o).
-6
Let n(p) be the second derivative of p**4/12 + 20*p**3/3 + 53*p**2/2 + 9679*p. Determine n(-38).
-23
Let x(u) = 113*u**2 + 34*u - 1. Let g(b) = 50*b**2 + 15*b. Let n(s) = 9*g(s) - 4*x(s). Let w be (6/4)/((-4)/8). Calculate n(w).
-11
Let s(m) = m**2 - 7*m + 12. Let q be 6*(-3)/(-24)*(12 - 32). Let b be 299/39 - (q/(-9) + 0). Calculate s(b).
6
Suppose -3*t = -3*z + 6, -7*z + 1 = -6*z. Suppose -2*p - 8 = -0*p. Let r be (p + 3 - -5) + t. Let x(q) = -q**2 - q + 4. Give x(r).
-8
Let f(k) = -k**2 + 5*k + 3. Let o = -14016 - -14020. Calculate f(o).
7
Let f be (-5 + 5)*1/(-2). Let v be (-2)/((-6)/9) + 0. Let k(t) = v - t - 11 + 7. What is k(f)?
-1
Suppose -4*n + 4 = 5*z, -2*z + n = 1 - 0. Suppose 3*m - 3 = -z*x - 2*x, 4*x + 5*m = 9. Let r(u) be the first derivative of -3*u**2/2 + 5*u - 3228. What is r(x)?
-13
Let m(x) = 7*x**2 - 11*x + 4. Let z(s) = -3*s**2 + 5*s - 1. Let p = 97 + -99. Let d(l) = p*m(l) - 5*z(l). Determine d(8).
37
Let q = -2 + -1. Let w(i) be the first derivative of i**5/120 + i**4/6 - 2*i**3/3 - 16*i**2 - 17. Let h(p) be the third derivative of w(p). What is h(q)?
1
Let h(r) = r**3 + 4*r**2 - 2*r - 2. Let f = 43 + -41. Let q(b) = 4*b - 3. Let g be q(f). Suppose -g*c - 5 = 15. What is h(c)?
6
Let b(v) = v + 10. Let o be b(-7). Let f(g) = 6 - 2 + 7*g**2 - 2 + 5*g + g**o. Suppose -397*m - 90 = -382*m. What is f(m)?
8
Let j be ((-12)/(-36))/(1/9). Suppose 0 = -4*a + 5*v + 20, 6*a - j*a = 2*v + 15. Let u(x) = -4 - a*x - 10 + 5*x - x. Calculate u(-7).
-7
Let d(r) be the second derivative of 5/6*r**3 - 3*r**2 + 15*r - 3. Let y be (-2 - 3)/(2/(-2)). Determine d(y).
19
Let r(d) = 3*d - 4. Let g(t) = 8*t - 10. Let y be g(29). Suppose -242 = -5*h - y. Determine r(h).
8
Let b(q) be the first derivative of -1/2*q**2 + 30 + q. Give b(-3).
4
Suppose 6*y - 57 = 9. Let u(x) = -6*x - y + 30*x - 9*x - 18*x. Determine u(-4).
1
Let q be 74/(-8) + (1134/56)/(-27). Let j(o) = -o**3 - 9*o**2 + 11*o + 23. Determine j(q).
13
Let q(m) = -2*m**2 + 3*m + 97. Let f(l) = -l**2 + 3*l + 96. Let n(k) = -3*f(k) + 2*q(k). Let w(z) be the first derivative of n(z). What is w(-3)?
3
Let m(n) = -n + 25. Suppose 0 = -274*j + 278*j - 28. Determine m(j).
18
Suppose -5*j + 56 = 36. Let z be (18 + -10)*1/j. Let s(h) = 13*h - 2. Give s(z).
24
Let g(c) = 6*c**3 + 8*c**2 + 15*c + 9. Let p(o) = -o**3 - o**2 - 2*o + 1. Let i(m) = g(m) + 5*p(m). Calculate i(-3).
-1
Let q(h) = -h + 8 + 10 - 20 - 5. Let x = -17 + 6. Give q(x).
4
Let d = -16 - -20. Let v(m) = 10*m**2 + 4*m - 5. Let t be v(d). Let i be t/76*(-8)/(-3). Let k(g) = -4*g + 6. Give k(i).
-18
Let a(j) = 4*j - 7. Let h = 2 - -3. Let u be a(h). Suppose 0 = 4*l - 3*l - 2*y + u, -27 = 4*l - 3*y. Let d(b) = -b**3 - 2*b**2 - b - 2. Give d(l).
10
Let n(m) be the second derivative of m**3/6 + 124*m. Let v(l) = -6*l + 12. Let k(f) = 5*n(f) + v(f). Give k(6).
6
Suppos